 + 33 = -3*n, -s + 7 = -5*i - 3*n. Suppose 5*z - 19 = b, -16*b = z - 15*b - 5. What is the highest common divisor of z and i?
4
Let t(p) = -2 + p + 2*p**2 - 2*p - p**2. Let b be t(3). Let y be (-36)/(-6) - (7 + 8 + -11). Calculate the highest common divisor of y and b.
2
Suppose 8 = 4*l, -3*t - 14*l + 9*l + 25 = 0. Suppose 5*x - 230 - 38 = z, t*x - 262 = -z. Calculate the highest common factor of x and 212.
53
Let o = 4888 - 4534. What is the greatest common factor of 6 and o?
6
Let q = -15 + 23. Let u be (q + 1)*4/18. Let k(w) = w**2 - 6*w - 38. Let t be k(-4). Calculate the greatest common factor of t and u.
2
Let g(z) = z**3 - 37*z**2 - 40*z + 70. Let l be g(38). Let u be (-1 - l/5) + 1936/220. Calculate the highest common factor of u and 2.
1
Suppose 9*d + 99648 = 2*o + 10*d, -4*o - 3*d = -199300. Calculate the greatest common factor of 58 and o.
58
Let k(f) = f**3 + 21*f**2 - 45*f + 39. Let z be k(-23). Suppose 3336 - 520 = z*v. Calculate the greatest common divisor of v and 32.
16
Suppose 218*b - 6 = 215*b. Let r(s) = -s**2 - s + 52. Let t be r(0). Let j be (-1)/8*b + 1261/t. What is the greatest common factor of 192 and j?
24
Suppose -9768 = -4*v - 4*j, -2*v + 24*j = 27*j - 4890. Calculate the greatest common divisor of v and 84.
84
Let n(b) = -b**3 + 8*b**2 + b + 1. Let a be (-6)/(-8) - 203/(-28). Let w be n(a). Calculate the greatest common divisor of w and 99.
9
Let p be (-30)/(-80)*8 + 2346 + 0. Suppose 3*l + 3*m + 0*m - 1431 = 0, -p = -5*l + 4*m. What is the highest common factor of l and 43?
43
Let j(x) be the first derivative of x**4/4 - 29*x**3/3 - 53*x**2/2 - 14*x + 21. Let f be j(31). Calculate the greatest common divisor of f and 53.
53
Let d(b) = 33*b**3 + b. Let h be d(2). Let f(c) = 100*c + 414. Let a be f(-4). Calculate the greatest common factor of a and h.
14
Suppose 2*n - 3*n - 7 = 0. Let l be 1768/14 + 2/n. Let r(b) = -b**3 + 209*b**2 + 205*b + 1068. Let m be r(210). What is the greatest common factor of l and m?
18
Let b be (-48)/(-112)*35 - -155. Suppose s = -3*x - 7, -2*s - 5 - 1 = 2*x. Let p be (-1 + x)*110/(-33). Calculate the greatest common divisor of p and b.
10
Suppose y + 69 + 5 = 4*u, 3*u = 4*y + 361. Let c = 139 + y. Let r = -350177 + 350195. Calculate the highest common divisor of c and r.
9
Let d(w) be the third derivative of -7*w**4/12 + 35*w**3/2 + 142*w**2. Let n be d(6). What is the highest common factor of n and 77?
7
Suppose -p - 36 + 1995 = -527. What is the greatest common factor of p and 22?
22
Suppose 3*c = 9, -3*i = -2*i + 4*c - 18. Suppose x + 1 = 5*x + 3*b, -2*x + 5*b + 33 = 0. What is the highest common factor of x and i?
2
Suppose 7184*y - 7138*y = 1553190. Calculate the highest common factor of y and 15.
15
Suppose k - h + 3 = 3*k, 5*k + 2*h - 8 = 0. Calculate the greatest common divisor of 459 and k.
1
Let o(t) = -t**3 + t**2 + 9*t + 8. Let r be o(-2). Suppose -285 = -2*m - u - 4*u, 255 = r*m - u. What is the highest common factor of m and 10?
10
Let n = -34588 - -35998. What is the greatest common factor of 18 and n?
6
Suppose 0 = -11*s + 4*s + 161. Let g(f) = 206*f + 1. Let j = -5 + 6. Let r be g(j). Calculate the greatest common factor of s and r.
23
Let f = 10919 - 10230. Calculate the greatest common divisor of 143 and f.
13
Suppose 5*a = 51 - 6. Let f be 8/1 + (13 + 29 - -22). What is the greatest common factor of a and f?
9
Let k be (-54)/10 + 2/5. Let i be k/(0 - (-2)/(-6)). Suppose 5*t + 2*w - 9 = 0, -4*w - 246 = -5*t - 189. What is the highest common divisor of t and i?
5
Suppose -612*r - 1232 = -700*r. Calculate the highest common factor of r and 9856.
14
Let x be ((-5)/4)/((-5)/100). Suppose -x = -4*z - 5. Let j(l) = l**2 + 10. Let t be j(-5). What is the greatest common factor of z and t?
5
Suppose 8*o - 5*d + 64 = 9*o, 3*o - 170 = -4*d. Let h(m) = m**2 + 9*m - 20. Let q be h(-11). What is the highest common factor of q and o?
2
Suppose 4*a = 5*a - 9*a. Let o be 6 - a/((-8)/(-12)*-3). Suppose o = -q + 20. What is the greatest common divisor of q and 21?
7
Suppose -829*d - 116541 = -898*d. What is the highest common factor of d and 2?
1
Suppose -145*z + 976 = -233 - 96. Let o = -89 + 152. Calculate the greatest common factor of o and z.
9
Let s(v) = v**3 - 6*v**2 - 4. Let l be s(7). Let g = -68 + l. Let m = g - -34. What is the highest common factor of 33 and m?
11
Suppose -i - 5*g + 20 = -60, -3*i + 2*g = -206. Suppose -390 = -112*a + 117*a. Let v = 85 + a. What is the greatest common factor of v and i?
7
Suppose 4*v - 61 = -5*f, 5*v - 4*f - 14 = 11. Suppose -v*c = -5*c - 72. Let n = 39 - c. What is the highest common divisor of n and 7?
7
Suppose 4*n + 31 = -3*c, -5*c - 50 = 4*n + n. Let t = 9 - c. Suppose 4*p + v - t = -5, 3*p - 5*v + 19 = 0. Calculate the highest common divisor of p and 4.
2
Let g = -318 - -441. Calculate the greatest common factor of g and 287.
41
Let h(c) = c + 2. Let v be h(1). Suppose 42 = 3*s - v*j, 2*s + 4*j = 5*s - 47. Let d = s - -11. What is the greatest common divisor of d and 160?
20
Suppose -130 = -10*w + 7*w - 4*v, 0 = 3*w - 4*v - 122. Calculate the highest common divisor of w and 182.
14
Let m(h) = -64*h + 70. Let a be m(6). Let s = -234 - a. Calculate the highest common factor of 16 and s.
16
Let d(y) = -4*y + 68. Let s be d(-37). Suppose -5*w + 666 = s. What is the highest common factor of w and 54?
18
Suppose a = 6*a - 5*r, 4*r = 5*a. Suppose a = -7*n + 34 - 13. Suppose -2*c + 12 = -2*o + 32, n*o - c = 20. What is the highest common factor of 35 and o?
5
Let h(g) = -19*g - 157. Suppose -4*y - 2*s = 36, 2*y + y + 3*s = -27. Let v be h(y). Calculate the greatest common divisor of v and 56.
14
Suppose 0 = 10*c - 0. Let z(r) = 27*r - 1. Let j be z(2). Suppose 5*h - j - 7 = c. What is the highest common divisor of 3 and h?
3
Let h(t) = 79*t + 3279. Let q be h(-41). Let i be ((-1)/(-1))/(-1) - -6. What is the highest common divisor of q and i?
5
Let i(j) = 2*j**2 + 10*j - 8. Let c be i(3). Suppose -11*w + 18 = c. Let n be -16*(-1 + (w - -2)/3). What is the greatest common divisor of n and 176?
16
Let d be (-6)/(-4)*8/6 + (931 - 849). Calculate the highest common divisor of d and 804.
12
Suppose -430 + 10 = -15*i. Let n = i - -518. What is the greatest common factor of n and 21?
21
Let a = 62 + -32. Let y(s) = -4*s**2 - 168*s - 260. Let w be y(-37). What is the greatest common divisor of w and a?
30
Let w = -44 - -48. Let a be (32/(-6))/((-4)/48*w). Suppose 3*k - 19*k = -1024. What is the highest common divisor of a and k?
16
Suppose 2*p + 37662 = 4*q, -3*p + 1434 = -3*q + 29685. Calculate the highest common divisor of q and 18.
18
Suppose 137*l = 158*l - 9072. What is the highest common factor of 162 and l?
54
Let r(b) = 2*b**2 + 16*b - 26. Suppose 40 = -2*x + 4*u, 3*x + u = 3*u - 44. Let h be r(x). Calculate the highest common factor of h and 245.
35
Let t = 6282 + -5537. Calculate the greatest common factor of t and 5.
5
Let y be ((-3)/(-12) + (-286)/8)*-8. Suppose -6*p - y = 22. Let s = 59 + p. What is the greatest common divisor of 4 and s?
4
Let w(v) = -v**2 + 9*v + 27. Let g be w(11). Suppose -98 - 177 = -g*h. What is the greatest common factor of h and 33?
11
Suppose -9*i = 17*i - 286. Suppose -i*s + 1355 = -97. Calculate the highest common factor of 24 and s.
12
Let m be (618 - 2) + 1 - 1. Let v(h) = -6*h - 388. Let x be v(-74). What is the greatest common divisor of x and m?
56
Let y be (-201705)/678*(-2)/7. Calculate the highest common factor of 459 and y.
17
Let b(o) = o**2 - 11*o + 54. Let h be b(6). Let s(y) = -y**3 + 14*y**2 - 5*y + 20. Let v be s(12). Calculate the highest common factor of v and h.
8
Suppose -107*u + 112*u - 28870 = h, 3*h - 17304 = -3*u. What is the greatest common factor of 251 and u?
251
Let d(p) = p**3 + 5*p**2 + 3*p - 3. Let o be d(-3). Suppose 8*y - 5*y = -o. Let t = y - -9. Calculate the highest common factor of t and 56.
7
Let q = -98 + 104. Let p be (15/10 + -1)*4. Suppose -5*f - 2 = p*h, h - 3*f + 33 = 6*h. Calculate the greatest common divisor of q and h.
3
Let a be (-90)/60*3/(3/(-2)) - -10. Let x(m) = m + 39. Let f be x(0). Calculate the greatest common factor of f and a.
13
Let m = 17 + 104. Let h = m - 94. Let p(c) = -7*c + 5. Let t be p(-7). What is the highest common factor of t and h?
27
Su